r of 4510 and 285768032?
902
Calculate the greatest common factor of 5251 and 32286886.
89
Calculate the greatest common divisor of 2541002 and 359.
359
What is the highest common factor of 456 and 29991975?
57
Calculate the highest common divisor of 111 and 995818.
37
What is the greatest common divisor of 914564 and 1035604?
356
What is the greatest common factor of 2851661 and 5?
1
What is the greatest common factor of 430922968 and 32?
8
What is the greatest common divisor of 551 and 75601171?
19
Calculate the greatest common divisor of 4783 and 246798017.
4783
Calculate the greatest common factor of 9407205 and 9180.
2295
Calculate the highest common factor of 1987299688 and 11.
11
What is the greatest common divisor of 250741 and 76?
1
Calculate the highest common divisor of 1116 and 344124.
36
What is the greatest common divisor of 3279 and 98302234?
1093
What is the greatest common divisor of 13508 and 724827?
307
What is the highest common divisor of 3133 and 290069?
13
Calculate the greatest common factor of 771 and 157382174.
257
What is the highest common factor of 62530 and 476073?
169
What is the highest common factor of 159800 and 27204352?
6392
What is the greatest common divisor of 1544 and 1035872?
8
Calculate the highest common divisor of 3342766388 and 1039.
1039
Calculate the greatest common factor of 87 and 344480415.
87
Calculate the highest common factor of 114069719 and 7107.
2369
What is the highest common divisor of 17907 and 667353?
141
Calculate the highest common divisor of 6578 and 11544.
26
What is the highest common factor of 1651384 and 74?
74
Calculate the greatest common factor of 82201 and 7903.
7
Calculate the highest common divisor of 90954 and 2502.
18
Calculate the highest common factor of 39 and 2014454.
13
Calculate the greatest common divisor of 11892 and 231924.
12
What is the highest common factor of 6681 and 178331479?
2227
Calculate the highest common factor of 27 and 1404666.
9
What is the highest common divisor of 1394676662 and 508?
254
Calculate the highest common divisor of 3510 and 42080415.
195
Calculate the highest common factor of 234610 and 189370.
290
Calculate the greatest common factor of 26 and 36287108.
26
Calculate the highest common divisor of 1412 and 11659590.
706
Calculate the highest common divisor of 3775707 and 558.
279
What is the highest common factor of 114830661 and 19?
19
Calculate the greatest common factor of 78336516 and 708.
12
What is the greatest common factor of 2510 and 1175789420?
2510
Calculate the greatest common divisor of 1062 and 1016157.
177
Calculate the greatest common divisor of 123207561 and 1458.
729
Calculate the greatest common factor of 1458 and 2047131.
9
What is the highest common factor of 41894683 and 211?
211
What is the highest common factor of 302215060 and 140?
140
Calculate the highest common divisor of 3148466 and 7031.
79
Calculate the highest common factor of 325956 and 3878404.
4724
What is the greatest common divisor of 116496 and 40464?
144
Calculate the greatest common factor of 475 and 1134395.
95
Calculate the highest common factor of 1402024 and 231361.
169
Calculate the highest common divisor of 373901 and 3564.
11
Calculate the highest common factor of 169 and 10974587.
13
What is the greatest common factor of 174 and 71684607?
87
Calculate the highest common factor of 2 and 11299459.
1
Calculate the highest common factor of 50402 and 5597.
29
Calculate the greatest common divisor of 32131 and 1837.
11
Calculate the greatest common divisor of 117 and 316160.
13
Calculate the highest common divisor of 481208 and 43456.
56
What is the highest common divisor of 614560854 and 12?
6
Calculate the greatest common factor of 10872 and 369679408.
1208
What is the highest common divisor of 70 and 1653488410?
70
Calculate the highest common divisor of 2961 and 620669028.
987
What is the greatest common factor of 365290860 and 40?
20
Calculate the greatest common factor of 160830261 and 9.
9
Calculate the highest common factor of 142923730 and 30.
10
Calculate the highest common divisor of 10028156 and 7882.
1126
Calculate the highest common divisor of 50933 and 681845.
1643
Calculate the greatest common factor of 3922 and 22474466.
74
What is the greatest common divisor of 22 and 26728273?
11
What is the highest common factor of 183341 and 57685?
139
What is the greatest common divisor of 44545909 and 607?
607
What is the highest common factor of 15333 and 8191857?
807
What is the highest common factor of 4596616 and 12238?
58
Calculate the greatest common factor of 8598904 and 496.
248
Calculate the greatest common divisor of 451774120 and 19080.
2120
Calculate the greatest common factor of 87223110 and 5530.
790
What is the greatest common divisor of 7078902 and 2346?
102
What is the highest common factor of 34992230 and 390?
130
What is the greatest common divisor of 583 and 152835199?
583
Calculate the greatest common divisor of 15776203 and 87.
29
What is the highest common factor of 568440 and 1635?
15
Calculate the highest common divisor of 63342368 and 1472.
736
What is the greatest common factor of 100 and 18111340?
20
Calculate the highest common divisor of 729 and 453228048.
729
What is the highest common factor of 16599250 and 200?
50
Calculate the highest common factor of 651994151 and 10772.
2693
Calculate the greatest common factor of 5123358 and 374.
34
Calculate the greatest common factor of 11033112 and 1161.
129
Calculate the highest common factor of 4084313231 and 173.
173
Calculate the highest common factor of 638441 and 3006.
167
What is the greatest common divisor of 57112349 and 518?
259
Calculate the greatest common divisor of 2466 and 8876778.
822
What is the greatest common divisor of 8325 and 17928165?
555
What is the highest common divisor of 134785 and 5915?
35
What is the greatest common divisor of 2135176079 and 83?
83
What is the greatest common factor of 811290620 and 140?
140
What is the greatest common divisor of 17 and 33390023?
17
What is the greatest common divisor of 1195 and 15948470?
1195
What is the highest common divisor of 11356862 and 13366?
326
What is the highest common factor of 247 and 13515137?
19
What is the highest common factor of 1209 and 5370378?
1209
What is the greatest common factor of 33832 and 1752?
8
What is the greatest common divisor of 44132 and 2827?
11
Calculate the greatest common divisor of 24773 and 316411373.
3539
Calculate the highest common factor of 444 and 107757764.
148
What is the greatest common factor of 1327752072 and 9?
9
Calculate the greatest common divisor of 783 and 49973409.
783
What is the highest common divisor of 23533443 and 3219?
111
What is the greatest common divisor of 168184503 and 122?
61
Calculate the highest common factor of 186477 and 200263.
61
What is the greatest common divisor of 3898 and 12409283?
1949
What is the highest common divisor of 5697 and 42093?
27
What is the greatest common divisor of 5308135 and 35105?
35
What is the greatest common factor of 32806397 and 208?
13
Calculate the greatest common factor of 3105098 and 160421.
2719
What is the highest common factor of 2453355 and 1360?
85
What is the greatest common divisor of 1409918941 and 2833?
2833
What is the greatest common divisor of 126480041 and 579?
193
What is the greatest common divisor of 84 and 1063671?
21
What is the greatest common factor of 2567388 and 76?
4
What is the greatest common divisor of 26 and 2271578374?
26
Calculate the highest common factor of 32007 and 24743.
227
What is the highest common factor of 315 and 16114245?
105
Calculate the highest common divisor of 35041703 and 178.
89
What is the greatest common factor of 21504 and 251139?
21
What is the highest common factor of 154990 and 1001799?
1409
What is the greatest common factor of 153837048 and 4820?
964
What is the greatest common factor of 456475 and 4237?
19
Calculate the greatest common divisor of 2176213720 and 4793.
4793
What is the highest common divisor of 459140 and 286?
22
What is the greatest common factor of 71197594 and 2795?
559
Calculate the highest common factor of 1720 and 860157380.
860
What is the highest common factor of 13 and 210618811?
13
What is the highest comm